{"id":2709,"date":"2024-12-11T11:13:41","date_gmt":"2024-12-11T11:13:41","guid":{"rendered":"https:\/\/moren.caidalstore.com\/?post_type=product&#038;p=2709"},"modified":"2025-02-09T20:13:54","modified_gmt":"2025-02-09T20:13:54","slug":"trend-coat-5","status":"publish","type":"product","link":"https:\/\/moren.caidalstore.com\/index.php\/produit\/trend-coat-5\/","title":{"rendered":"SAHARIENNE PATRIOT"},"content":{"rendered":"<div class=\"product_desc-row\">\n<div class=\"product_desc-img\">Une option tr\u00e8s audacieuse de porter cette veste<br \/>\nInspir\u00e9e par les uniformes militaires<br \/>\nCon\u00e7ue en toile vert militaire avec des empi\u00e8cements en broderies et tissus camouflage, id\u00e9ale pour mettre sur un jeans un short ou encore une robe<\/div>\n<\/div>\n","protected":false},"excerpt":{"rendered":"<p>Composition et entretien<br \/>\nToile Serge 100% coton<\/p>\n<p>Entretien<br \/>\nUn lavage \u00e0 sec est obligatoire<\/p>\n","protected":false},"featured_media":3175,"comment_status":"open","ping_status":"closed","template":"","meta":[],"product_brand":[],"product_cat":[83],"product_tag":[43],"class_list":{"0":"post-2709","1":"product","2":"type-product","3":"status-publish","4":"has-post-thumbnail","6":"product_cat-femmes","7":"product_tag-main-07","9":"first","10":"instock","11":"shipping-taxable","12":"purchasable","13":"product-type-simple"},"_links":{"self":[{"href":"https:\/\/moren.caidalstore.com\/index.php\/wp-json\/wp\/v2\/product\/2709","targetHints":{"allow":["GET"]}}],"collection":[{"href":"https:\/\/moren.caidalstore.com\/index.php\/wp-json\/wp\/v2\/product"}],"about":[{"href":"https:\/\/moren.caidalstore.com\/index.php\/wp-json\/wp\/v2\/types\/product"}],"replies":[{"embeddable":true,"href":"https:\/\/moren.caidalstore.com\/index.php\/wp-json\/wp\/v2\/comments?post=2709"}],"wp:featuredmedia":[{"embeddable":true,"href":"https:\/\/moren.caidalstore.com\/index.php\/wp-json\/wp\/v2\/media\/3175"}],"wp:attachment":[{"href":"https:\/\/moren.caidalstore.com\/index.php\/wp-json\/wp\/v2\/media?parent=2709"}],"wp:term":[{"taxonomy":"product_brand","embeddable":true,"href":"https:\/\/moren.caidalstore.com\/index.php\/wp-json\/wp\/v2\/product_brand?post=2709"},{"taxonomy":"product_cat","embeddable":true,"href":"https:\/\/moren.caidalstore.com\/index.php\/wp-json\/wp\/v2\/product_cat?post=2709"},{"taxonomy":"product_tag","embeddable":true,"href":"https:\/\/moren.caidalstore.com\/index.php\/wp-json\/wp\/v2\/product_tag?post=2709"}],"curies":[{"name":"wp","href":"https:\/\/api.w.org\/{rel}","templated":true}]}}