{"id":3547,"date":"2025-02-15T13:24:36","date_gmt":"2025-02-15T13:24:36","guid":{"rendered":"https:\/\/moren.caidalstore.com\/?post_type=product&#038;p=3547"},"modified":"2025-02-18T10:31:48","modified_gmt":"2025-02-18T10:31:48","slug":"produit-5","status":"publish","type":"product","link":"https:\/\/moren.caidalstore.com\/index.php\/produit\/produit-5\/","title":{"rendered":"MANTEAU DUO"},"content":{"rendered":"<p>La moiti\u00e9 en flanelle apporte une touche de sobri\u00e9t\u00e9 tandis que l\u2019autre moiti\u00e9 en sequin nous donne un contraste audacieux apportant une dimension festive et brillante<br \/>\nLe d\u00e9tail asym\u00e9trique de la coupe donne une allure avant gardiste du manteau en avant une silhouette structur\u00e9e et d\u00e9cal\u00e9e \u00e0 la fois.<br \/>\nLes empi\u00e8cements en Sfifa et pi\u00e8ces en fil d\u2019or renforce le c\u00f4t\u00e9 luxueux et culturel de cette pi\u00e8ce<\/p>\n","protected":false},"excerpt":{"rendered":"<ul>\n<li>Un lavage \u00e0 sec est obligatoire<\/li>\n<\/ul>\n","protected":false},"featured_media":3549,"comment_status":"open","ping_status":"closed","template":"","meta":[],"product_brand":[],"product_cat":[83],"product_tag":[],"class_list":{"0":"post-3547","1":"product","2":"type-product","3":"status-publish","4":"has-post-thumbnail","6":"product_cat-femmes","8":"first","9":"instock","10":"shipping-taxable","11":"purchasable","12":"product-type-simple"},"_links":{"self":[{"href":"https:\/\/moren.caidalstore.com\/index.php\/wp-json\/wp\/v2\/product\/3547","targetHints":{"allow":["GET"]}}],"collection":[{"href":"https:\/\/moren.caidalstore.com\/index.php\/wp-json\/wp\/v2\/product"}],"about":[{"href":"https:\/\/moren.caidalstore.com\/index.php\/wp-json\/wp\/v2\/types\/product"}],"replies":[{"embeddable":true,"href":"https:\/\/moren.caidalstore.com\/index.php\/wp-json\/wp\/v2\/comments?post=3547"}],"wp:featuredmedia":[{"embeddable":true,"href":"https:\/\/moren.caidalstore.com\/index.php\/wp-json\/wp\/v2\/media\/3549"}],"wp:attachment":[{"href":"https:\/\/moren.caidalstore.com\/index.php\/wp-json\/wp\/v2\/media?parent=3547"}],"wp:term":[{"taxonomy":"product_brand","embeddable":true,"href":"https:\/\/moren.caidalstore.com\/index.php\/wp-json\/wp\/v2\/product_brand?post=3547"},{"taxonomy":"product_cat","embeddable":true,"href":"https:\/\/moren.caidalstore.com\/index.php\/wp-json\/wp\/v2\/product_cat?post=3547"},{"taxonomy":"product_tag","embeddable":true,"href":"https:\/\/moren.caidalstore.com\/index.php\/wp-json\/wp\/v2\/product_tag?post=3547"}],"curies":[{"name":"wp","href":"https:\/\/api.w.org\/{rel}","templated":true}]}}