{"id":3554,"date":"2025-02-15T13:29:40","date_gmt":"2025-02-15T13:29:40","guid":{"rendered":"https:\/\/moren.caidalstore.com\/?post_type=product&#038;p=3554"},"modified":"2025-02-16T17:32:37","modified_gmt":"2025-02-16T17:32:37","slug":"produit-6","status":"publish","type":"product","link":"https:\/\/moren.caidalstore.com\/index.php\/produit\/produit-6\/","title":{"rendered":"MANTEAU APHRODITE"},"content":{"rendered":"<p>MANTEAU EN CUIR V\u00c9RITABLE DROIT CROIS\u00c9<br \/>\nAGR\u00c9MENT\u00c9 PAR DES PI\u00c8CES EN FIL DE SOIE FAITES MAIN<\/p>\n","protected":false},"excerpt":{"rendered":"<ul>\n<li>COMPOSITION ET ENTRETIEN<\/li>\n<li>100% cuir<\/li>\n<li>Un lavage \u00e0 sec est obligatoire<\/li>\n<\/ul>\n","protected":false},"featured_media":3560,"comment_status":"open","ping_status":"closed","template":"","meta":[],"product_brand":[],"product_cat":[83],"product_tag":[],"class_list":{"0":"post-3554","1":"product","2":"type-product","3":"status-publish","4":"has-post-thumbnail","6":"product_cat-femmes","8":"first","9":"instock","10":"shipping-taxable","11":"purchasable","12":"product-type-simple"},"_links":{"self":[{"href":"https:\/\/moren.caidalstore.com\/index.php\/wp-json\/wp\/v2\/product\/3554","targetHints":{"allow":["GET"]}}],"collection":[{"href":"https:\/\/moren.caidalstore.com\/index.php\/wp-json\/wp\/v2\/product"}],"about":[{"href":"https:\/\/moren.caidalstore.com\/index.php\/wp-json\/wp\/v2\/types\/product"}],"replies":[{"embeddable":true,"href":"https:\/\/moren.caidalstore.com\/index.php\/wp-json\/wp\/v2\/comments?post=3554"}],"wp:featuredmedia":[{"embeddable":true,"href":"https:\/\/moren.caidalstore.com\/index.php\/wp-json\/wp\/v2\/media\/3560"}],"wp:attachment":[{"href":"https:\/\/moren.caidalstore.com\/index.php\/wp-json\/wp\/v2\/media?parent=3554"}],"wp:term":[{"taxonomy":"product_brand","embeddable":true,"href":"https:\/\/moren.caidalstore.com\/index.php\/wp-json\/wp\/v2\/product_brand?post=3554"},{"taxonomy":"product_cat","embeddable":true,"href":"https:\/\/moren.caidalstore.com\/index.php\/wp-json\/wp\/v2\/product_cat?post=3554"},{"taxonomy":"product_tag","embeddable":true,"href":"https:\/\/moren.caidalstore.com\/index.php\/wp-json\/wp\/v2\/product_tag?post=3554"}],"curies":[{"name":"wp","href":"https:\/\/api.w.org\/{rel}","templated":true}]}}